 What is the remainder when m is divided by t(0)?
5
Let x(z) = -z**3 - 7*z**2 + 12*z + 9. Let w be x(-8). Let q = w - -46. What is the remainder when q is divided by 7?
2
Let k = -154 + 173. What is the remainder when 225 is divided by k?
16
Calculate the remainder when 1568 is divided by (0/(-7) - 2) + 12.
8
Let s be (54 + -4)*(-21)/(-6). Suppose 5*y = 10*y - s. Let b(v) = -v**3 + 7*v**2 - 3*v. What is the remainder when y is divided by b(6)?
17
Let r be 4212/45*5*-1. Let i = 29 - 17. Calculate the remainder when r/(-20) - (-6)/(-15) is divided by i.
11
Let f = 219 - 196. Suppose -4*p - 8 = -0. What is the remainder when f is divided by 2*(0 - 13/p)?
10
Let f(i) = -2*i**3 - 50*i**2 - 54*i + 43. What is the remainder when f(-24) is divided by 19?
16
Suppose 1 = b + c, -4*b + 3 = -c - 6. Suppose 0*d + 2*m = -2*d + 10, b*d + m = 13. What is the remainder when (-10)/(-55) + (-163)/(-11) is divided by d?
7
Suppose -2*x + 0*x = -26. Suppose 5*c = b - 34, -181 = -3*b + 5*c - 49. What is the remainder when b is divided by x?
10
Let q(p) = 8*p**2 + 4*p + 2. Let c be q(-1). Suppose c = -2*l + 2*f + 44, 0 = -2*f - 8. Calculate the remainder when 29 is divided by l.
14
Suppose 0 = 5*w - 0*w - 450. Calculate the remainder when w is divided by 47.
43
Suppose 18*a = 1560 - 480. Calculate the remainder when a is divided by 36.
24
Let x(q) be the third derivative of -q**4/8 - 5*q**3/3 - 14*q**2. What is the remainder when x(-7) is divided by 6?
5
Calculate the remainder when 285 is divided by 6/4*-7*28/(-98).
0
Let i be -3 + (60/(-5))/(-4). Suppose i = -7*a - 23 + 65. Suppose -2*v = 3*v - 145. Calculate the remainder when v is divided by a.
5
Let b(v) = 181*v + 3. What is the remainder when b(1) is divided by 38?
32
What is the remainder when 167 is divided by (-2162)/(-47) + 4/3*3?
17
Let n be ((-15)/(-6))/(2/244). Suppose 8*p = 13*p - n. Calculate the remainder when p is divided by 9.
7
Suppose -2*y + 76 = 5*u - 2*u, 4*u = -2*y + 98. Suppose h - m + 85 = -2*h, 0 = h + 5*m + 7. Let w = h - -39. What is the remainder when u is divided by w?
10
Let c be ((-34)/(-51))/((8/(-15))/4). Let o(h) = -9*h - 18. What is the remainder when o(c) is divided by 7?
6
Suppose 0 = 3*u - 3*p + 1 - 16, -2*u - 2*p = -18. Let h(n) = 3*n - 10. Let d = -235 + 256. What is the remainder when d is divided by h(u)?
10
Let m(a) = 3*a**2 + 12*a + 24. Calculate the remainder when 29 is divided by m(-4).
5
What is the remainder when 2615 is divided by (-123)/8*-5 - 242/(-1936)?
74
Suppose 2*m = -2*s + 978, -17*m + 15*m - 1462 = -3*s. Calculate the remainder when s is divided by 10.
8
Let q be 68/(-1) - (-10)/5. Calculate the remainder when 41 is divided by (-9)/(-6) - q/12.
6
Let d = -620 + 631. Suppose -5*n = -26 - 69. What is the remainder when n is divided by d?
8
Calculate the remainder when (10/20)/(2/(-756)*-3) is divided by 4.
3
Suppose 0 = 8*p - 262 - 634. Calculate the remainder when p is divided by 50.
12
Suppose 80 = 3*y - 4*r, 0 = 3*y + 3*r - 45. Suppose -1 = -4*s + 31. Calculate the remainder when y is divided by s.
4
Suppose 7*o - 47 - 44 = 0. What is the remainder when 25 is divided by o?
12
Let i = -1 - -2. Suppose -2*d = 4*a + 3*d - 80, 0 = -5*a - 5*d + 95. Calculate the remainder when 38 is divided by (3/a)/(i/65).
12
Let p(k) = -k**3 + 6*k**2 - 3*k - 11. Let v be p(5). Calculate the remainder when (0 + v + -1)*-10 is divided by 10.
0
Suppose 44 = 4*y - 5*r, -2*y = -4*r + 5*r - 8. Suppose -y*u - 60 = -11*u. What is the remainder when 31 is divided by u?
7
Let b(a) = a**3 - 2*a**3 - 2*a - 4 - 3*a**3 + 5*a**3. What is the remainder when b(5) is divided by ((-24)/(-18))/(2/42 - 0)?
27
Suppose -99 + 11 = 4*i - 4*v, 0 = 5*i - 3*v + 116. Let n = 30 + i. What is the remainder when (n - 1) + 45 + -2 is divided by 16?
15
Let s = 155 + -150. Suppose -x + 1 = -3, -s*x - 8 = -2*k. Calculate the remainder when (67/(-3))/((-1)/3) is divided by k.
11
Suppose y - 4*y + 99 = 0. Let f be ((-1)/3)/(2/(-18)). Calculate the remainder when y is divided by (1 - f)/(-4)*36.
15
Let z = 151 - 142. What is the remainder when 97 is divided by z?
7
Let j = -768 - -830. Suppose -4*k + 32 = -32. What is the remainder when j is divided by k?
14
Let h = 2470 + -2437. What is the remainder when 87 is divided by h?
21
Let g = -1789 + 1802. What is the remainder when 636 is divided by g?
12
Let s(o) = -o**2 + 25*o + 51. Calculate the remainder when s(13) is divided by 15.
12
Let x = 0 + -2. Let f be (48/30)/(x/(-15)). Let h = 20 - f. Calculate the remainder when h is divided by 5.
3
What is the remainder when 263 is divided by (280/100)/(2/90)?
11
Let t(w) = 5*w - 163. Calculate the remainder when t(40) is divided by 23.
14
Let i(l) = 2*l**2 - 5*l - 6. Calculate the remainder when 54 is divided by i(-2).
6
Suppose -1159 = -4*t - 1007. Calculate the remainder when 489 is divided by t.
33
Let d(s) = -2*s**3 - 4*s**2 - 2*s + 1. Let a be d(-2). Suppose 11 + 24 = 5*t. What is the remainder when (3 - a - -21) + -1 is divided by t?
4
Let w(i) = i**3 + 9*i**2 - 71*i + 6. What is the remainder when 21 is divided by w(-14)?
1
Let a(u) = u. Let q(t) = -4*t. Let y(o) = -9*a(o) - 2*q(o). Let v be y(-3). What is the remainder when v - ((-18)/1 - -3) is divided by 7?
4
Let y(h) = h**2. Let v be y(-2). Suppose -16 = f - v*b, -3 = 4*f - 3*b + 9. Suppose 4*q + f*q = 112. What is the remainder when q is divided by 15?
13
Suppose -4*c - 5*m = -44, 76 = 5*c - 2*m + 3*m. Suppose -c*b = -13*b - 57. Let z(s) = 74*s - 1. What is the remainder when z(1) is divided by b?
16
Let n(j) = j**3 - 3*j**2 + j - 5. Let z be n(4). Let v = z - 15. Suppose s - 21 + v = 0. Calculate the remainder when 83 is divided by s.
20
Suppose -2*p + 118 + 15 = 5*d, -5*d + p = -121. Suppose 1096 - 147 = 13*t. Calculate the remainder when t is divided by d.
23
Suppose 2*c + 4*l = -6, c + 3*c - 3*l = -1. Let p = -132 + 146. What is the remainder when 1*c - (-84 + 0) is divided by p?
13
Let a(o) = 2*o + 0*o - 5*o**2 - 3*o - 4*o + o**3 + 5. Suppose 9 = v - 21. What is the remainder when v is divided by a(6)?
8
Suppose -2*g - 3*g = -v - 287, 5*v = 5*g - 275. Calculate the remainder when g is divided by 15.
13
Suppose -4*j - 10 = -5262. What is the remainder when j is divided by 14?
11
Suppose -7*z - 89 = 443. Let l = z + 102. Calculate the remainder when l is divided by 3.
2
Let n(x) = -2*x**3 + 10*x**2 - 3*x + 12. Let w be n(5). Let k = 121 - 40. Calculate the remainder when 42 is divided by k/(-9)*5/w.
12
Suppose -3*d = d - 96. Let l = -34 + d. Let g = 3 - l. What is the remainder when 23 is divided by g?
10
Let i = -202 - -220. Calculate the remainder when 136 is divided by i.
10
Let i(o) = o**3 + 33*o**2 - o + 70. What is the remainder when i(-33) is divided by 13?
12
Suppose f - 1898 = -1858. What is the remainder when 1279 is divided by f?
39
Suppose 3*u = 7*u - 80. Let m(n) = 15*n**2 - 10*n - 1. What is the remainder when m(2) is divided by u?
19
Suppose 40 = p - 5*d, 2*p - 4*p - 4*d + 10 = 0. Let u = p + -3. Suppose -3*s - 89 = -4*h, -s = -3*h - 2*h + 114. What is the remainder when h is divided by u?
11
Let i = -3628 - -3635. Suppose 46 = 3*q + 7. Calculate the remainder when q is divided by i.
6
Let o(p) = p**2 - p + 11. Let l = 135 + -135. What is the remainder when 175 is divided by o(l)?
10
Let m(g) = -3*g**3 - 4*g**2 - 5*g - 3. Let w be m(-5). Calculate the remainder when (2/6)/(11/w) is divided by 5.
4
Let o be 30/45 - (-109)/3. Let y = -41 + o. Calculate the remainder when y - 2*(-65)/10 is divided by 2.
1
Let x(d) = d**3 + 6*d**2 - 4*d + 22. Let p be x(-6). Suppose -p*o + 51*o - 295 = 0. Calculate the remainder when o is divided by 30.
29
Suppose 0 = -2*f - 5*i - 7, 2*f - 3*i = -i + 28. Suppose 21 = 3*v - 15. What is the remainder when v is divided by 6/(-33) + f/(-11) + 6?
2
Let u = 2385 - 1701. What is the remainder when u is divided by 98?
96
Let m(i) = -35*i - 718. Calculate the remainder when m(-22) is divided by 28.
24
Suppose -42*s + 5150 = -17*s. What is the remainder when s is divided by 23?
22
Suppose 48 = 3*r - 66. Suppose 3*i = 1 + r. Let l = 23 - -39. Calculate the remainder when l is divided by i.
10
Let z = 36 - 0. Let l = 458 + -352. What is the remainder when l is divided by z?
34
Let d(x) = -18*x - 235. Suppose -4*c - h =